 Let c = 430 + -302. Let j = c + w. What is the tens digit of j?
3
What is the thousands digit of (1423 - (-3)/(-3))*(-34 + 35)?
1
Let l(w) = 52*w**2 - 37*w - 109. What is the units digit of l(-3)?
0
Let n(k) = k**2 - k - 1. Let q(t) = -13*t**2 + t + 1. Let r(p) = 3*n(p) + q(p). Let m be r(-2). What is the units digit of (12/(-3))/(-2) - m?
0
Suppose -1042 = -11*n + 333. Let b be 11/2*1*2. Suppose n = -b*w + 16*w. What is the tens digit of w?
2
Let r(i) = -i**3 - 6*i**2 - 8*i - 4. Let k be 4/(-6) + 195/9. Let g = k + -26. What is the tens digit of r(g)?
1
What is the tens digit of (7860/(-21))/(-4*2/28)?
1
Suppose 17*f = 71681 + 35980. What is the tens digit of f?
3
Suppose 8*i - 16810 = -33*i. What is the hundreds digit of i?
4
Let s = -191 + 191. Let m(q) = -q - 1. Let t be m(-1). Suppose t = 4*h + 5*z - 63, 4*z = -h - s*z + 2. What is the units digit of h?
2
Suppose 0 = 4*q + 5*h - 160, 5*q - 3*q - 5*h = 110. Suppose -q = 4*f + f. What is the units digit of (-131)/(-5) - f/(-45)?
6
Suppose 45*o + 212 = 47*o. What is the hundreds digit of o?
1
Let j(x) = 2*x**2 + 6*x + 2. Let a be 1*(-3 - (-3 - -5)). Let p be j(a). Let f = 43 - p. What is the tens digit of f?
2
Suppose 32*k - 158979 = -5667. What is the hundreds digit of k?
7
Let g = 642 - 365. What is the units digit of g?
7
Let w be (-221)/51 - 4/6. Let h = w + 3. Let l(q) = -17*q - 3. What is the tens digit of l(h)?
3
What is the units digit of (-52 - 588)*2/(-5)?
6
Let o = -67 + 97. Let u = 43 - o. What is the tens digit of u?
1
Let y be 12/(-42) - (-4)/14. Let s(v) = v + 2*v + y*v + 1 + 4. What is the units digit of s(4)?
7
Let i(a) be the third derivative of -a**6/120 - a**5/6 + 7*a**4/12 - 8*a**3/3 - 11*a**2. What is the units digit of i(-12)?
4
Let t = -2784 + 4304. What is the tens digit of t?
2
Let c be ((-6)/8)/((-18)/48). Suppose n - 83 = 3*r, -2*r + 3*r - 79 = -n. Suppose c*w - n = -3*w. What is the tens digit of w?
1
Let z(s) = -2*s**3 + s**2 - s. Suppose -3*g - 8 = -2*c, -2*c - 5*g - 7 = 1. Let d be z(c). What is the units digit of (-7)/d*320/56?
0
Let r = 2714 + -1920. What is the hundreds digit of r?
7
Let m(d) be the first derivative of 4*d - 9/2*d**2 + 2 - 1/3*d**3. What is the units digit of m(-6)?
2
Suppose 0 = 5*s - 5*o - 20, -4*s = 2*o - 4*o - 20. Suppose -s = -t - t. Suppose 2*n + 39 = 2*i - t*n, -n - 3 = 0. What is the tens digit of i?
1
Let k = 24 + 7. What is the units digit of (k*2)/(-26 + 27)?
2
Let y be (1 + (-3)/(-6))*1540/(-15). What is the units digit of (-4734)/(-22) + -2 + 28/y?
3
Let i(s) = 3*s**2 + s. Let h be 8/3 - 12/18. Suppose 13 - 7 = h*w. What is the tens digit of i(w)?
3
Suppose 18*b + 7962 = 24*b. What is the tens digit of b?
2
Let f be 1*(2 + 1 + -4). Let r(a) = -10*a + 3. Let m(w) = -5*w + 2. Let h(c) = -5*m(c) + 3*r(c). What is the units digit of h(f)?
4
Let z = 24 + -35. Let n = 10 + z. What is the tens digit of (-10 + n)*6/(-3)?
2
Suppose -4*g - 376 = -4*s, 3*s + 3 = 18. Let m = g + 158. What is the units digit of m?
9
Suppose 0 = 4*a - 4*s - 28, -4*s + 0 = 8. Suppose a*j - 108 = 52. Suppose -j = -2*x - 4. What is the units digit of x?
4
Let p(o) = -103*o + 404. What is the tens digit of p(-6)?
2
Suppose z = 3*f + 328, -10*f + 5*f = 2*z - 711. What is the tens digit of z?
4
Let v be (55/(-66))/((-2)/12). Suppose 5*r - 19 = 2*y - 3*y, -r + y + v = 0. What is the units digit of r?
4
Suppose 3*w - 4 = 5. Let k be -1*(-11 + (8 - 2)). Suppose -117 = -k*t - 2*z - 12, 0 = t + w*z - 21. What is the tens digit of t?
2
Let n(d) = 2*d**3 - d**2 + d - 190. Let m be n(0). What is the tens digit of (-11 + 14)*m/(-6)?
9
Suppose 0*x = -2*g - 5*x - 19, 5*g = -5*x - 10. Let f(m) = -m**3 + 2*m**2 + m + 2. Let s be f(0). What is the units digit of s*g/(-2) - -14?
1
Let h be (-4)/6 + (-4256)/(-48). What is the hundreds digit of (-6)/(((-198)/h)/(174/4))?
1
Let b(v) = 2*v**2 + 2*v**3 - 3*v**3 - v - 12 - 5*v**2 + 13*v**2. What is the tens digit of b(5)?
0
Let l = 1134 + 128. What is the thousands digit of l?
1
Suppose 0 = 3*d + o - 4705, 6284 = -5*d + 9*d - 4*o. What is the tens digit of d?
6
Let y(b) = -12*b**3 - 7*b**2 - 10*b - 17. What is the units digit of y(-4)?
9
Suppose 0 = -5*c + 1003 + 262. Let r = c + -168. What is the tens digit of r?
8
Suppose g - 15 = -4*u, g - 35 = -4*u + 4*g. Suppose -2*q + 0*q = -46. Suppose -4*f + 2*w + 0*w = -22, -u*f + 4*w = -q. What is the units digit of f?
7
Let b = 23 - 20. Suppose 0 = 4*x + b*c - 28, 5*x - 5*c - 8 = 27. What is the units digit of x?
7
Suppose 5*r - 10 = -4*n, -5*r = -r + 8. Suppose y + m - 17 = 8, -n*y + 4*m = -161. What is the units digit of y?
9
Let u(x) = x**2 + 5*x - 1. Let n be u(5). Let o be 2 + 10/((-20)/4). Suppose -4*w = -2*j + 5*j - n, -4*w - 20 = o. What is the tens digit of j?
2
What is the thousands digit of 326858/154 - (-6)/11?
2
Suppose 3*x + 4*m = -15, 3*x = -6*m + m - 12. Let h(k) be the third derivative of -k**4/4 - 5*k**3/3 - 2*k**2. What is the units digit of h(x)?
4
Suppose 7*p = 5*p + 4. Suppose 5*l = b + 899, p*l - l = -2*b + 182. What is the tens digit of l?
8
Let b(u) = -u**3 + 34*u**2 - 152*u - 1. What is the tens digit of b(27)?
9
What is the hundreds digit of (-1768)/(-3) - (-148)/(-111)?
5
Let d(c) = c + 12. Let a be d(-9). Let u be 270/(-24) + a/(-4). What is the units digit of (-262)/(-6) - (-8)/u?
3
Let r(q) = -58*q - 5 - 27*q - 63*q. What is the tens digit of r(-1)?
4
Let t = 69 + -54. Suppose -t = -16*p + 13*p. What is the units digit of p?
5
Let l(g) = 2*g - 12. Let j be l(5). What is the units digit of 6/4*-1*j?
3
Suppose 2*b - 4*b + 1 = -m, 3*m - 3*b - 6 = 0. Suppose 0 = 2*c - 4*p - 126, m*p + 2 = 7. Suppose 4*l + 3*t + 38 = 305, l - t = c. What is the units digit of l?
6
Let p(j) = 3*j**3 + 8*j**2 + 2*j - 5. Let o be p(-5). Let n = o + 350. Suppose 0 = -4*s + n + 20. What is the units digit of s?
5
Let d = 16 + -14. Let s(l) = 41*l**2 + 4*l. What is the units digit of s(d)?
2
Let i be 2*3/12*0. Suppose -4*s + 45 + 3 = i. What is the units digit of s?
2
Let w(j) = 3*j**3 + 2*j**2 - 3*j - 18. What is the hundreds digit of w(11)?
1
Suppose -3*u + 6 = -5*u. Let g be (1/u)/((-2)/222). Suppose 0 = 2*w + 4*t - 26, t = 4*w - 15 - g. What is the tens digit of w?
1
Suppose 16*k + 3168 = 49*k. What is the tens digit of k?
9
Suppose -3*j - 193 + 887 = -4*h, 3*h - 491 = -2*j. What is the tens digit of j?
3
Suppose 0 = -c + 4*b + 366, -2*c + 7*b + 726 = 2*b. What is the units digit of c?
8
Let w be (6/5)/(4/10). Suppose -w = b + 2*b. Let u = 3 - b. What is the units digit of u?
4
Let h(n) be the third derivative of 4*n**2 + 0*n - 1/8*n**4 - 11/6*n**3 + 0 + 1/60*n**5. What is the units digit of h(8)?
9
Suppose 44 - 48 = 2*w. What is the tens digit of (-67 + w + -3)*1/(-2)?
3
Let y be (-1)/(-2) - (-42)/12. Let z = y + -4. Suppose -q - 5 = z, 0 = -2*t - 3*q + 2*q + 5. What is the units digit of t?
5
Let k = 40 - -1022. What is the units digit of k?
2
Suppose 0 = -41*k + 35*k + 17838. What is the thousands digit of k?
2
Suppose 52*j + 60792 = 69*j. What is the units digit of j?
6
Suppose 3*l - 2*l - 2 = 0. Suppose 3*x + 130 = 5*q, 0 = q + l*q - 5*x - 62. Let j = -20 + q. What is the units digit of j?
9
Suppose 3*q = -13*q + 13136. What is the hundreds digit of q?
8
Let u(x) = -x**3 - 16*x**2 + 18*x + 30. Let z be u(-17). Let i = -12 - -17. Let t = i + z. What is the units digit of t?
8
Suppose -6*i + 11 = -79. What is the tens digit of i?
1
Suppose -o = -2*v + 1397, 7*o + 2063 = 3*v + 12*o. What is the hundreds digit of v?
6
Let y = -55 + 58. Suppose -220 = -2*q - y*z, -2*q + 3*z = 3*q - 550. What is the units digit of q?
0
Suppose -g + 9*l - 10*l = -574, -3*g + l + 1734 = 0. What is the hundreds digit of g?
5
Let z = -16 + 29. Let l = 14 - z. What is the tens digit of (-176)/(-48)*l*3?
1
Suppose -5*t + 3*y + 909 = 0, -4*t + 254 + 454 = 4*y. Suppose -4*r = r - t. What is the units digit of r?
6
Suppose 0 = 4*b - 2*a - 0*a - 710, 4*b + 2*a = 706. Let r = -121 + b. What is the units digit of r?
6
Let u(o) = 3*o + 10. What is the tens digit of u(12)?
4
Suppose 3*n = 2*y - 228 - 1265, -769 = -y - 3*n. What is the units digit of y?
4
Let d(g) = -59*g + 4. Suppose -n + c + 2 = 0, -2*n - 3*c - 16 = -0*c. What is the hundreds digit of d(n)?
1
Let m = -799 + 1133. Let i = m + -91. What is the